e factors of h(a)?
3, 5, 7
What are the prime factors of (-9)/(-6)*(-7)/(14/(-1812))?
3, 151
Let h(p) = p**3 - 6*p**2 - 6*p + 9. Let u be h(7). Let j = -24 + u. Let s = j - -33. List the prime factors of s.
5
Let j(i) = -i**3 - 6*i**2 - 5*i + 2. Let o be j(-5). Suppose -4*m = -2*k - 70, 3*m - o*k - 9 - 46 = 0. What are the prime factors of m?
3, 5
Let a(i) = 9*i - 36. Suppose 26*l - 24 = 24*l. List the prime factors of a(l).
2, 3
Let r = 873 - 200. What are the prime factors of r?
673
Let c be 9/(-1 + -2) - 30. Let f = -25 - c. Suppose -3*h = -f*h + 30. What are the prime factors of h?
2, 3
Suppose 24 = 5*m + u, u + 15 = 2*m + 4. Suppose 5*x = h + 24, 4*x - 3*x = m*h. Suppose 3*o - h = 17. What are the prime factors of o?
2, 3
Let q(w) = -w**3 + 9*w**2 + 12*w - 4. Suppose 0*i + 2*i + 14 = p, 0 = 5*p - 2*i - 54. What are the prime factors of q(p)?
2
Suppose 4*y = 3*s - 1786, -3*y + 5*y = 4*s - 2378. List the prime factors of s.
2, 3, 11
Suppose -4*l - 8*n = -3*n - 390, 4*l - 398 = -n. Suppose 20*y - l = 18*y. What are the prime factors of y?
2, 5
Let p(w) = w**2 + w - 3. Let n be p(-3). Suppose 5*t = n*t - 318. List the prime factors of t/(-7) + (-16)/(-56).
23
Let l(t) = -2*t**3 - 12*t**2 - 6*t. Suppose -68 = -5*o - 0*j + 2*j, 3*o - 40 = j. Suppose h - o = 3*h. List the prime factors of l(h).
2, 3
Suppose 245*m + 26901 = 252*m. List the prime factors of m.
3, 7, 61
Let f be (-2 - 3)*1 - 177. Let i = f - -311. What are the prime factors of i?
3, 43
Let m(r) = -18*r + 12. Let u be m(-5). Suppose u + 22 = 4*d. Suppose -h + k + d = 0, -h + 4*k = -0*h - 46. What are the prime factors of h?
2, 13
Let c be (-8)/((40/(-148))/5). Let s = c + -75. Suppose s = 5*q + 8. List the prime factors of q.
13
Let r(k) = -7*k + 51. Let m be (0 - -6)*(-28)/8. List the prime factors of r(m).
2, 3, 11
Let x = 127 - 109. Suppose -i + 26 = -85. List the prime factors of i/x + 2/(-12).
2, 3
Let f(m) = m**3 - 6*m**2 + 4*m**2 - 7*m**2 + 3*m - 23. What are the prime factors of f(10)?
107
Suppose -l + 33 = 2*l - 3*m, 3*m - 15 = -5*l. Let a = l + -3. Suppose -a*t + 42 = -36. List the prime factors of t.
2, 13
Let k = -18 + 21. Suppose -x - k*s = -42, 0 = 2*x - 0*x + s - 109. What are the prime factors of x?
3, 19
Let g = -68 + 72. Let s = 86 - g. What are the prime factors of s?
2, 41
Suppose -5*m + 23 = 2*z + 2, 0 = 2*z + 3*m - 19. Suppose -2*u - 8 = 0, 3*l - 243 = 11*u - z*u. List the prime factors of l.
7, 11
Suppose -4*f = -f - 9. Suppose -3*d - f = 3, z = 2*d + 9. Suppose -3*y = -4*g - 23, 0*y - 32 = -3*y - z*g. What are the prime factors of y?
3
Suppose 7*j - 55 = -4*j. Suppose -5*k + 924 = j*h - h, 0 = -k - h + 184. List the prime factors of k.
2, 47
Let y = -18 + 66. Let l be (4 - 23/2)*(-64)/6. Let z = l - y. List the prime factors of z.
2
What are the prime factors of (-131216)/(-28) - -1 - 26/91?
43, 109
Let b(c) = 2*c + 5. Let g be b(1). Suppose -g*l = -11*l + 152. List the prime factors of l.
2, 19
Let t(w) = 653*w**2 + 9*w + 2. What are the prime factors of t(-2)?
2, 11, 59
Suppose 43*p - 560 = 42*p. Let u = p - 398. List the prime factors of u.
2, 3
Let h = 1 + 2. Suppose -4*m + 9*s - 4*s - 10 = 0, h*m + s = 2. Suppose m = -0*g - 5*g + 135. What are the prime factors of g?
3
Let j = 1406 + -806. Let p = j + -411. List the prime factors of p.
3, 7
Suppose -4*g - 1 = -4*m - 33, 26 = 2*g - 4*m. Suppose 2*k - 4 = 5*d - 44, -4*k - 10 = -g*d. Suppose -d*v = -7*v - 132. What are the prime factors of v?
2, 11
Suppose -4*v + 1190 = 2*x, -5*v + 305 = -4*v + 2*x. Let g = v - 178. List the prime factors of g.
3, 13
Suppose 0 = -3*l, -5*x + 5 = -3*l - 10. Suppose -2*o + 68 = i, -i = x*i - 3*o - 261. List the prime factors of i.
2, 3, 11
Suppose -6*k + k - 3*u = -27, -k = 2*u - 4. Let s be 3/((9/(-2))/(-3)). What are the prime factors of s/k + (-124)/(-6)?
3, 7
Let p(y) = -14*y**3 + 3*y**2 - y + 9. What are the prime factors of p(-4)?
3, 11, 29
Suppose 6616 = 22*i - 4010. List the prime factors of i.
3, 7, 23
Let s be ((-3)/(-2))/(15/20). Suppose 7 - 3 = s*m. Suppose -3*o - m*o = -75. List the prime factors of o.
3, 5
Suppose -22 = -2*z + 4*v, -3*v + 54 = 4*z - 6*v. Suppose 0 = -2*u - 3*u + z. Suppose -102 = -u*s - 24. What are the prime factors of s?
2, 13
Let z(a) = 33 - 14*a + 2*a + a**2 - 27. Let g be z(12). Suppose 0 = -g*r + r + 335. What are the prime factors of r?
67
Let v = -44 + 107. List the prime factors of v.
3, 7
Suppose q = 4*a - 224, -3*q + 8*q = 20. Suppose -4*s + a = -s. List the prime factors of s.
19
Suppose -66 - 46 = -14*z. List the prime factors of (4 + (-28)/z)*7*46.
7, 23
Let i = 55 + -24. Let j = i + -9. Suppose -v + j = 2*h, -v = -3*h - 2*v + 34. List the prime factors of h.
2, 3
Let r be 13 + (1 - (-4)/4). Suppose 195 = -r*d + 20*d. List the prime factors of d.
3, 13
Suppose -45431 = -57*i + 8776. What are the prime factors of i?
3, 317
Let r(c) = 15*c - 34. Suppose 9 + 9 = s - 4*v, 0 = 4*s + 3*v - 34. What are the prime factors of r(s)?
2, 29
Suppose -4*c + 25763 = -5*q, 5*c - 88*q = -86*q + 32208. List the prime factors of c.
2, 3221
Suppose -4*h + 1154 + 1018 = 0. What are the prime factors of h?
3, 181
Suppose 4*y + 4*j + 83 = 659, 5*j - 10 = 0. List the prime factors of y.
2, 71
Let m = -12 + 23. Suppose -m + 14 = o. Suppose -5*v + o*f = -99, 3*f = -v + 6*f + 27. What are the prime factors of v?
2, 3
Suppose 11 = 3*t + 5. Let z be (t + -1)/((-1)/(-7)). List the prime factors of (3 - 1) + 231/z.
5, 7
Let r = -5 + 7. Suppose 5*o - 2*a - 513 = 0, -r*o + 2*a + 101 = -o. What are the prime factors of o?
103
Let q(p) = p**3 - 3*p. Let f be q(3). Suppose 1 = g - f. List the prime factors of g.
19
Let m(o) = -8*o + 3. Let k be m(1). What are the prime factors of ((-62)/10)/(k/25)?
31
Suppose -5583 + 38975 = 16*x. What are the prime factors of x?
2087
Let m(w) = -w**2 + 65*w - 244. What are the prime factors of m(13)?
2, 3
Suppose 44 + 63 = 3*o + 2*s, 4*o = -5*s + 145. Let r(t) = t**3 - 3*t**2 - 11*t + 18. Let h be r(4). What are the prime factors of 52/14 - h/o?
2
Suppose 0 = 3*d + 13 - 31. Suppose -8*o + 164 = -d*o. List the prime factors of o.
2, 41
Let y = 14 + -5. Suppose y*p + 99 = 12*p. List the prime factors of p.
3, 11
Suppose -1 = 2*m - 7. Suppose 5*w - 3*k + 326 = -2*k, m*w + 5*k = -190. Let r = -40 - w. List the prime factors of r.
5
Let w = -44 - -49. Suppose -u = -w*s + 51, -u = -3*s + u + 32. List the prime factors of s.
2, 5
Suppose 5*p - 51 = -11. List the prime factors of 75/1 + -9 + p.
2, 37
Let t be ((-10)/15)/(4/(-1002) - 0). Suppose t - 584 = -3*p. List the prime factors of p.
139
Let y(b) = 19*b**2 + 33*b - 2. What are the prime factors of y(2)?
2, 5, 7
Let a(u) = -3*u + 0*u - 5*u - 15 - 2*u. List the prime factors of a(-9).
3, 5
Let z = -14 + 8. Suppose 0 = d + d - 10. Let j = d - z. List the prime factors of j.
11
Suppose 3456 = 11*c - 5*c. What are the prime factors of c?
2, 3
Suppose -4*o + 4*r = 132, 3*o - r = -2*r - 87. Let f = o + 34. Suppose f*t = 43 + 29. List the prime factors of t.
2, 3
Suppose -6*d - 1460 = -d. Let s = d + 509. List the prime factors of s.
7, 31
Suppose 2*m - 4*p = -6 + 768, 4*p = 4*m - 1524. List the prime factors of m.
3, 127
Let u be (1/3)/(3/9). Suppose -j + 73 = 4*t, -u = -4*j + 3. List the prime factors of 20*(-3)/t*-3.
2, 5
Suppose 2*p - 720 = -4*p. Suppose h + 10 = 4*h + 2*d, -3*d - 12 = 0. Suppose 0 = -a + h*a - p. List the prime factors of a.
2, 3
Let s(r) = r**3 - r**2. Let w(u) = -4*u**3 - 6*u**2 + 3*u - 9. Let z(v) = -5*s(v) - w(v). List the prime factors of z(8).
3, 59
What are the prime factors of 4/10*(-60)/48*-1220?
2, 5, 61
Suppose 2*b = 7*b. What are the prime factors of (3 + 32)/1 + b?
5, 7
Let f(n) = 5*n - 1 - 7*n + 13*n. What are the prime factors of f(3)?
2
Let f = 13656 - 9241. What are the prime factors of f?
5, 883
What are the prime factors of 1981 - (-12)/(6 - 8)?
5, 79
Suppose 0 = -309*y + 312*y - 1824. List the prime factors of y.
2, 19
Let b(f) = -f**3 - 8*f**2 - 9*f + 6. Let v be b(-7). Suppose 9*p - 4*p - v = 0. Suppose -p*a - 2*a = -72. List the prime factors of a.
2, 3
List the prime factors of 1/(-3) - 57784/(-12).
3, 5, 107
Let v = -16 + 5. Let p = 13 + v. Suppose p*i - 53 = 7. List the prime factors of i.
2, 3, 5
Suppose i + 269 = 3*y, y - 2*i - 78 = -4*i. 